{"id":161,"date":"2020-07-24T16:42:27","date_gmt":"2020-07-24T16:42:27","guid":{"rendered":"http:\/\/vuzk-cairn-terrier.com\/?page_id=161"},"modified":"2020-07-24T16:42:27","modified_gmt":"2020-07-24T16:42:27","slug":"disclaimer-und-copyright-urheberrecht","status":"publish","type":"page","link":"https:\/\/vuzk-cairn-terrier.com\/?page_id=161","title":{"rendered":"Disclaimer und Copyright Urheberrecht"},"content":{"rendered":"<p>Alle hier ver\u00f6ffentlichten Fotos sind Eigentum der Betreiber dieser Seite und fallen unter das Urheberschutzgesetz.<br \/>\nKopieren, sowie Weitergabe an Dritte ohne ausdr\u00fcckliche Erlaubnis zB per E-Mail ist strengstens untersagt. Im Falle von Zuwiderhandeln beh\u00e4lt sich der Betreiber rechtliche Schritte vor.<\/p>\n<p><strong>Haftungshinweis:<\/strong><br \/>\nTrotz sorgf\u00e4ltiger inhaltlicher Kontrolle \u00fcbernehmen wir keine Haftung f\u00fcr die Inhalte externer Links. F\u00fcr den Inhalt der verlinkten Seiten sind ausschlie\u00dflich deren Betreiber verantwortlich.<\/p>\n<p>&nbsp;<\/p>\n<p>&nbsp;<\/p>\n<p>&nbsp;<\/p>\n<p>&nbsp;<\/p>\n<p>&nbsp;<\/p>\n<p>&nbsp;<\/p>\n<p>&nbsp;<\/p>\n<p>&nbsp;<\/p>\n<p>&nbsp;<\/p>\n<p>&nbsp;<\/p>\n","protected":false},"excerpt":{"rendered":"<p>Alle hier ver\u00f6ffentlichten Fotos sind Eigentum der Betreiber dieser Seite und fallen unter das Urheberschutzgesetz. Kopieren, sowie Weitergabe an Dritte ohne ausdr\u00fcckliche Erlaubnis zB per E-Mail ist strengstens untersagt. Im Falle von Zuwiderhandeln beh\u00e4lt sich der Betreiber rechtliche Schritte vor. Haftungshinweis: Trotz sorgf\u00e4ltiger inhaltlicher Kontrolle \u00fcbernehmen wir keine Haftung f\u00fcr die Inhalte externer Links. F\u00fcr [&hellip;]<\/p>\n","protected":false},"author":1,"featured_media":0,"parent":0,"menu_order":0,"comment_status":"closed","ping_status":"closed","template":"page-full-width.php","meta":{"footnotes":""},"class_list":["post-161","page","type-page","status-publish","hentry"],"_links":{"self":[{"href":"https:\/\/vuzk-cairn-terrier.com\/index.php?rest_route=\/wp\/v2\/pages\/161","targetHints":{"allow":["GET"]}}],"collection":[{"href":"https:\/\/vuzk-cairn-terrier.com\/index.php?rest_route=\/wp\/v2\/pages"}],"about":[{"href":"https:\/\/vuzk-cairn-terrier.com\/index.php?rest_route=\/wp\/v2\/types\/page"}],"author":[{"embeddable":true,"href":"https:\/\/vuzk-cairn-terrier.com\/index.php?rest_route=\/wp\/v2\/users\/1"}],"replies":[{"embeddable":true,"href":"https:\/\/vuzk-cairn-terrier.com\/index.php?rest_route=%2Fwp%2Fv2%2Fcomments&post=161"}],"version-history":[{"count":4,"href":"https:\/\/vuzk-cairn-terrier.com\/index.php?rest_route=\/wp\/v2\/pages\/161\/revisions"}],"predecessor-version":[{"id":165,"href":"https:\/\/vuzk-cairn-terrier.com\/index.php?rest_route=\/wp\/v2\/pages\/161\/revisions\/165"}],"wp:attachment":[{"href":"https:\/\/vuzk-cairn-terrier.com\/index.php?rest_route=%2Fwp%2Fv2%2Fmedia&parent=161"}],"curies":[{"name":"wp","href":"https:\/\/api.w.org\/{rel}","templated":true}]}}